alculate the remainder when y is divided by k.
10
Let v = -251 + 267. Calculate the remainder when 86 is divided by v.
6
Let k = 48 - 28. Let p = k + 1. Suppose 3*o + 0*o - n - 238 = 0, 3*n = -3*o + 258. What is the remainder when o is divided by p?
18
Suppose p - o - 289 - 16 = 0, p - 5*o = 297. What is the remainder when p is divided by 11?
10
Let k(n) = n**2 - 3*n - 1. Let g be k(6). Suppose 2 = -5*x + g. Suppose -3*h = t - 115, -t - 110 = -x*h + 3*t. What is the remainder when h is divided by 13?
12
Suppose -4*u + 362 + 62 = 0. What is the remainder when u is divided by 36?
34
Calculate the remainder when 198 is divided by (1156/(-170))/((-2)/20).
62
Suppose -5*q + 213 = -2*z, -z - 209 = 7*q - 12*q. What is the remainder when 159 is divided by q?
36
Let r(l) = l**3 + 23*l**2 - 29*l - 101. What is the remainder when 32 is divided by r(-24)?
13
Let l = -621 + 275. Let p = l + 585. Calculate the remainder when p is divided by 61.
56
Let h = 32 + -15. Let q(u) = -u**2 + 9*u + 13. Let m be q(10). Suppose -w - m*o + 21 = 2*w, 19 = w - 5*o. What is the remainder when h is divided by w?
8
Let t = -58 - -38. Let j = t - -22. Let c(s) = 2*s**2 + s + 1. What is the remainder when c(1) is divided by j?
0
Suppose 4*o = -2426 + 2854. Calculate the remainder when o is divided by 6.
5
Let j(u) = -2*u**3 + 24*u**2 - 11*u + 23. What is the remainder when j(11) is divided by 129?
15
Suppose 134 = 3*h + 4*q, 4*h - 3*q - 23 = 3*h. Let o(v) = 6*v**2 - 9*v - 8. Calculate the remainder when o(-3) is divided by h.
35
Calculate the remainder when 398 is divided by (-5)/2*(-228)/10.
56
Let q = -20 + 26. Suppose 336 = t + q*t. What is the remainder when t is divided by 19?
10
Suppose l + 2*n = 28 + 7, l - 2*n - 23 = 0. Calculate the remainder when 113 + (3 - (0 - -4)) is divided by l.
25
Suppose h = -2*f + 4, 4*f + 0*h - 6 = -3*h. Suppose 0 = -5*i + 4*a - 1, 6*a = 2*i + 2*a - 2. What is the remainder when (14/i)/((-2)/f) is divided by 6?
3
Suppose -220 = -0*w - 4*w. Calculate the remainder when 197 is divided by w.
32
Let b(s) = -8*s**3 + 5*s**2 - 4. Let i(f) = -9*f**3 + 6*f**2 - 4. Let u(l) = -6*b(l) + 5*i(l). What is the remainder when u(2) is divided by 17?
11
Let o be 6/18 + 51/9. Suppose -12*v = -10*v + o. Calculate the remainder when 48 is divided by 3/((18/(-34))/v).
14
Suppose -4*b + 21 - 9 = 0, -3*h + 4*b + 7740 = 0. Calculate the remainder when h is divided by 47.
46
Suppose 3*d - 7*d + 76 = 0. Suppose 0 = 5*i + 17 + 43. Let f = d + i. Calculate the remainder when f is divided by 4.
3
Suppose 5*r + 1427 - 1482 = 0. What is the remainder when 2166 is divided by r?
10
Let c(r) = 6*r + 42. What is the remainder when c(30) is divided by 17?
1
Let b = 0 + 0. Suppose b = -l + 2*l - 19. Calculate the remainder when l is divided by 4.
3
What is the remainder when 1106 is divided by (5 - -31) + -13 + (7 - 0)?
26
What is the remainder when (5/(40/246))/((-38)/(-2584)) is divided by 13?
11
Let b = -15 + 24. What is the remainder when 565 is divided by b?
7
Let d be 1/((-1)/1)*(-10)/5. What is the remainder when d + (-2 - 1) - -64 is divided by 16?
15
Suppose -2*h + 66 = 56. Let l(b) = b**3 - 6*b**2 + 6*b. Let v be l(5). Let m(k) = k**3 - 6*k**2 + 5*k + 4. Calculate the remainder when h is divided by m(v).
1
Let s = 50 + 191. Suppose -4*w + 80 = 3*j - 241, -3*w = 2*j - s. Suppose -3*f = 9 - w. What is the remainder when 46 is divided by f?
22
Let h(i) = -5*i**2 - 8*i + 9. Let b(q) = 4*q**2 + 7*q - 8. Let n(j) = 7*b(j) + 6*h(j). Let u be n(-2). What is the remainder when 77/4 + 3/u is divided by 5?
4
Let i(n) = 3*n**2 + 11 + 5*n**2 + 4 - 7*n - 7*n**2. Calculate the remainder when 112 is divided by i(8).
20
Suppose 14*k - 444 = 11*k. What is the remainder when k is divided by 6?
4
What is the remainder when (18/36)/(1/4210) is divided by 43?
41
Let c = -353 + 411. What is the remainder when 345 is divided by c?
55
Suppose 0 = 2*x - 56 + 38. Let v = 20 - 3. What is the remainder when v is divided by x?
8
Let l be 4/(((-2)/(-1))/(-8)). Let g = l + 23. Suppose -55 = -20*r + 9*r. What is the remainder when g is divided by r?
2
Suppose -15*h + 92 = -43. Calculate the remainder when 1446 is divided by h.
6
Let p(n) = -117*n - 121. What is the remainder when p(-3) is divided by 69?
23
Suppose -20 + 290 = 10*m. Calculate the remainder when 107 is divided by m.
26
Suppose -2*h = 3*r - 5, 2*r + 0*r + h - 5 = 0. Suppose -d - 2*w + 13 = -0*d, -r*d + 3*w + 26 = 0. Let c = 67 - 41. What is the remainder when c is divided by d?
5
What is the remainder when 838 is divided by 0 + 40 + (-205)/41?
33
Let u = 140 + -63. Let s(f) = -f**3 + 7*f**2 + 3*f - 1. Calculate the remainder when u is divided by s(7).
17
Let y = -229 - -425. Calculate the remainder when y is divided by 29.
22
Suppose j - 3*p = 27, j + 2*j - p = 49. Calculate the remainder when 28 is divided by j.
13
Let z = -97 + 105. Suppose -5*a + a - 3*c + 48 = 0, 5*c = -a + 12. What is the remainder when a is divided by z?
4
Suppose 288*d - 291*d + 747 = 0. Calculate the remainder when d is divided by 10.
9
Suppose v - 1045 = -10*v. Suppose 4*u = 2*i - 78, 3*i - 135 = -i + u. Calculate the remainder when v is divided by i.
29
Suppose -5*j + 4*q + 647 = 0, -2*j + 6*q = q - 252. What is the remainder when j is divided by 19?
17
Suppose -42 = -4*n + 3*z, 0*n = 4*n + z - 50. What is the remainder when n is divided by 6?
0
Let p = -73 - -84. Suppose -6*l + 30 = -3*l. Calculate the remainder when 5/(l/6) + 40 is divided by p.
10
Suppose t - j = -4*j - 9, -3*j - 24 = -4*t. Suppose -2*p - w + 7 = -8, t*p + 4*w - 15 = 0. Calculate the remainder when 26 is divided by p.
8
Let h = 11 + -4. Let l = h - 1. Suppose m - 3 = 2, -3*m + l = -3*w. What is the remainder when 12 is divided by w?
0
Let h = -100 - -116. Calculate the remainder when 46 is divided by h.
14
Let r = -5 + 8. Let b be 167 + -1 + 4 + -1. Calculate the remainder when r is divided by b/91 + (-1)/(-7).
1
Let q(j) = -21 + j + 2*j - j + 7*j. Suppose -92 = -4*y + 16. Calculate the remainder when q(8) is divided by y.
24
Calculate the remainder when 1012 - (-5 + -7 - -2) is divided by 57.
53
Let g(l) = l**2 - 13*l + 9. Let x be g(6). Let h = x - -60. Calculate the remainder when h is divided by ((-21)/(-3))/(2/2).
6
Let g = -1356 - -1785. Calculate the remainder when g is divided by 49.
37
Suppose -2*t - 339 = -5*t. Suppose 74*o - 70*o + 114 = 3*z, -z - 4*o + 38 = 0. Calculate the remainder when t is divided by z.
37
Let x(n) = -6*n + 9. Let r be x(3). Let g be (-769)/(-2) + r/(-18). Suppose 166 = 2*d + 2*b, d - b = -4*d + g. Calculate the remainder when d is divided by 16.
14
Let x = 13 - 0. Calculate the remainder when x is divided by 5.
3
Let x(m) = -1 + 2*m**2 - 3*m**2 + 6 + 340*m - 360*m. What is the remainder when 8 is divided by x(-20)?
3
Let v(h) = -h - 8. Let c be v(7). Let s = c + 42. What is the remainder when 107 + 1 - (4 - 2) is divided by s?
25
Let m = 231 + -228. Calculate the remainder when 50 is divided by m.
2
Suppose -2*x - x = x. Suppose 35*q - 32*q - 66 = x. What is the remainder when q is divided by 5?
2
Suppose 3*v + 0*v - 117 = -5*m, 3*v = -m + 33. Let s(t) = -5*t + 6. Let w be s(5). Let i = 100 + w. What is the remainder when i is divided by m?
18
Let p be (-54)/5 - (-1)/(-5). Let b(a) = a + 19. Calculate the remainder when 38 is divided by b(p).
6
Let p = -402 - -435. Calculate the remainder when p is divided by 1*(1 + 1) + 15.
16
Suppose 4*u - 5*l - 86 = 0, -2*u + l + 42 = -l. Calculate the remainder when 167 is divided by u.
15
Let a = -210 + 357. Calculate the remainder when a is divided by 18.
3
Suppose -4*a + 6 = -2*j - 10, 0 = 2*a - 5*j. What is the remainder when 207 is divided by a?
2
Let z = -239 - -266. Calculate the remainder when z is divided by 9.
0
Let k(f) = 18*f**2 - 4*f + 1. Suppose -12 = -0*m - 6*m. Suppose m*z - 19 = 3*b, -2*z - 18 = -6*z + 2*b. What is the remainder when k(z) is divided by 17?
14
What is the remainder when 37 is divided by (-10)/((-12)/18*1)?
7
Suppose 0 = 5*f - 4*f + 4*k - 49, -k = -2*f + 71. Calculate the remainder when 113 is divided by f.
2
Let o = -520 - -205. What is the remainder when ((-12)/7)/(10/o) is divided by 29?
25
Let p = -139 + 181. What is the remainder when 78 is divided by p?
36
Let h(y) = -y**3 - 7